5
1 (base 4) to base 2
1
Convert -10 (base 4) to base 16.
-4
Convert 2 (base 3) to base 7.
2
Convert -1022 (base 3) to base 2.
-100011
-13 (base 7) to base 10
-10
-30 (base 5) to base 16
-f
-3 (base 13) to base 10
-3
0 (base 2) to base 13
0
-41 (base 15) to base 8
-75
1010 (base 2) to base 7
13
Convert -2 (base 15) to base 14.
-2
What is 7 (base 13) in base 3?
21
What is -57 (base 13) in base 14?
-52
-1 (base 3) to base 15
-1
Convert -47 (base 12) to base 3.
-2001
Convert -47 (base 12) to base 9.
-61
Convert -2 (base 13) to base 2.
-10
Convert 1b (base 12) to base 4.
113
What is 111001 (base 2) in base 5?
212
What is -14 (base 5) in base 15?
-9
Convert 54 (base 6) to base 10.
34
Convert 0 (base 11) to base 12.
0
3 (base 16) to base 14
3
What is -15 (base 6) in base 8?
-13
What is 13 (base 4) in base 11?
7
What is 1 (base 4) in base 16?
1
What is -3 (base 8) in base 6?
-3
What is 3 (base 4) in base 14?
3
-1 (base 5) to base 2
-1
2401 (base 5) to base 15
186
What is -6 (base 16) in base 14?
-6
What is -1 (base 16) in base 13?
-1
-23 (base 4) to base 10
-11
What is 5 (base 12) in base 3?
12
What is -1 (base 2) in base 9?
-1
65 (base 9) to base 7
113
Convert 0 (base 4) to base 12.
0
-3 (base 11) to base 5
-3
-18b (base 12) to base 10
-251
Convert 11 (base 10) to base 8.
13
What is 5 (base 11) in base 2?
101
Convert -6 (base 14) to base 5.
-11
Convert 1 (base 4) to base 8.
1
Convert 16 (base 7) to base 12.
11
Convert 8 (base 16) to base 11.
8
-1 (base 8) to base 2
-1
What is 123 (base 10) in base 2?
1111011
Convert -23 (base 8) to base 14.
-15
Convert 106 (base 8) to base 15.
4a
Convert -54 (base 16) to base 13.
-66
What is 15 (base 12) in base 15?
12
63 (base 9) to base 2
111001
Convert 11010 (base 3) to base 14.
7d
-1 (base 4) to base 14
-1
What is -162 (base 7) in base 10?
-93
What is 2333 (base 4) in base 13?
119
Convert -3 (base 5) to base 9.
-3
200 (base 5) to base 10
50
48 (base 12) to base 14
40
2d (base 16) to base 7
63
Convert 4 (base 13) to base 9.
4
Convert -27 (base 11) to base 13.
-23
What is 100 (base 2) in base 14?
4
Convert -2 (base 11) to base 9.
-2
Convert 4 (base 6) to base 9.
4
Convert 6 (base 12) to base 13.
6
Convert -10 (base 4) to base 9.
-4
Convert 4 (base 12) to base 10.
4
14 (base 5) to base 15
9
-24 (base 6) to base 2
-10000
Convert -1001 (base 2) to base 9.
-10
Convert -240 (base 5) to base 9.
-77
Convert -2 (base 12) to base 15.
-2
What is 5 (base 16) in base 15?
5
Convert -1 (base 8) to base 13.
-1
What is -103 (base 4) in base 7?
-25
Convert 1 (base 7) to base 4.
1
4 (base 6) to base 9
4
Convert 17 (base 9) to base 14.
12
Convert -59 (base 16) to base 13.
-6b
What is 13 (base 5) in base 8?
10
20 (base 16) to base 10
32
What is -5 (base 16) in base 10?
-5
Convert -30 (base 6) to base 12.
-16
211 (base 4) to base 2
100101
3 (base 12) to base 2
11
Convert 0 (base 5) to base 2.
0
Convert -101 (base 2) to base 14.
-5
30 (base 8) to base 4
120
Convert 0 (base 8) to base 15.
0
5 (base 16) to base 5
10
Convert 3 (base 13) to base 8.
3
Convert -1 (base 13) to base 8.
-1
Convert 22 (base 11) to base 5.
44
What is -21 (base 4) in base 7?
-12
-4 (base 11) to base 15
-4
-27 (base 16) to base 2
-100111
-21 (base 6) to base 11
-12
Convert 1e (base 16) to base 9.
33
2 (base 5) to base 9
2
Convert 1 (base 2) to base 9.
1
What is -3 (base 13) in base 4?
-3
What is 1 (base 11) in base 12?
1
What is -151 (base 8) in base 13?
-81
What is -18 (base 9) in base 11?
-16
Convert 10 (base 3) to base 15.
3
5 (base 12) to base 5
10
What is 221 (base 9) in base 6?
501
What is 32 (base 9) in base 13?
23
What is 106 (base 9) in base 12?
73
1 (base 6) to base 16
1
6 (base 12) to base 2
110
What is -27 (base 13) in base 15?
-23
Convert -1d (base 16) to base 6.
-45
-6 (base 8) to base 6
-10
What is 11 (base 2) in base 5?
3
What is 18 (base 15) in base 16?
17
b (base 13) to base 9
12
What is -8 (base 16) in base 5?
-13
110 (base 2) to base 3
20
What is 25 (base 7) in base 9?
21
What is 11 (base 4) in base 10?
5
What is 91 (base 12) in base 3?
11001
Convert -2 (base 12) to base 13.
-2
Convert 8b (base 13) to base 12.
97
What is -19 (base 12) in base 8?
-25
Convert 71 (base 8) to base 5.
212
What is -21 (base 9) in base 4?
-103
What is -6 (base 11) in base 13?
-6
What is 15 (base 8) in base 10?
13
Convert -101100 (base 2) to base 7.
-62
What is -11 (base 3) in base 15?
-4
Convert -7 (base 16) to base 13.
-7
Convert -34 (base 12) to base 6.
-104
What is 1220 (base 3) in base 5?
201
What is 0 (base 8) in base 5?
0
What is 11 (base 6) in base 10?
7
Convert 10100001 (base 2) to base 5.
1121
-110 (base 2) to base 7
-6
What is -36 (base 15) in base 3?
-1220
Convert -2 (base 14) to base 9.
-2
-85 (base 10) to base 12
-71
Convert 13 (base 13) to base 2.
10000
What is -3c (base 15) in base 14?
-41
-5 (base 12) to base 14
-5
56 (base 12) to base 6
150
Convert 56 (base 13) to base 9.
78
Convert -124 (base 5) to base 8.
-47
What is -1 (base 8) in base 2?
-1
-8 (base 15) to base 14
-8
1 (base 5) to base 9
1
What is 1102 (base 4) in base 13?
64
What is 39 (base 14) in base 6?
123
What is 2 (base 16) in base 8?
2
2 (base 4) to base 2
10
What is 1101011 (base 2) in base 9?
128
4 (base 6) to base 4
10
Convert 100001110 (base 2) to base 16.
10e
Convert -51 (base 10) to base 9.
-56
Convert 1a (base 12) to base 15.
17
What is -11 (base 4) in base 15?
-5
1 (base 13) to base 12
1
31 (base 4) to base 3
111
What is 28 (base 10) in base 6?
44
What is -3 (base 16) in base 5?
-3
What is -1 (base 4) in base 15?
-1
-1 (base 2) to base 14
-1
What is -107 (base 8) in base 3?
-2122
-2 (base 10) to base 15
-2
What is 1030 (base 4) in base 15?
51
What is 92 (base 12) in base 6?
302
Convert 135 (base 7) to base 9.
83
11 (base 2) to base 10
3
43 (base 13) to base 14
3d
What is -15 (base 9) in base 5?
-24
Convert -21 (base 3) to base 13.
-7
What is -38 (base 11) in base 15?
-2b
0 (base 5) to base 7
0
What is 110 (base 2) in base 3?
20
What is 44 (base 6) in base 16?
1c
-33 (base 4) to base 12
-13
-2 (base 10) to base 7
-2
-100 (base 2) to base 5
-4
-20 (base 9) to base 10
-18
120021 (base 3) to base 15
1c7
Convert 3 (base 12) to base 13.
3
11011010 (base 2) to base 4
3122
2a (base 11) to base 6
52
1100 (base 2) to base 5
22
-1cd (base 14) to base 13
-230
Convert 1 (base 4) to base 8.
1
What is 100 (base 2) in base 15?
4
What is 1 (base 8) in base 13?
1
-2 (base 15) to base 12
-2
Convert -21 (base 4) to base 6.
-13
What is -50 (base 12) in base 4?
-330
-7 (base 8) to base 5
-12
-99 (base 14) to base 7
-252
What is 9 (base 16) in base 9?
10
What is -6 (base 7) in base 3?
-20
What is -2 (base 16) in base 10?
-2
What is 12 (base 11) in base 7?
16
Convert -12 (base 6) to base 2.
-1000
What is 2 (base 14) in base 9?
2
What is 1a (base 11) in base 15?
16
What is 2 (base 6) in base 2?
10
What is -22 (base 3) in base 5?
-13
Convert -332 (base 5) to base 2.
-1011100
Convert 64 (base 16) to base 3.
10201
1e (base 16) to base 2
11110
Convert -2 (base 13) to base 2.
-10
What is -65 (base 13) in base 8?
-123
-2 (base 16) to base 3
-2
What is 2 (base 9) in base 11?
2
What is -20 (base 3) in base 7?
-6
Convert -76 (base 13) to base 12.
-81
What is -1 (base 3) in base 6?
-1
-213 (base 4) to base 12
-33
-103 (base 4) to base 7
-25
f (base 16) to base 14
11
What is 33 (base 4) in base 6?
23
What is 0 (base 8) in base 12?
0
0 (base 11) to base 5
0
Convert -453 (base 6) to base 14.
-c9
-1 (base 9) to base 13
-1
Convert 100001100 (base 2) to base 14.
152
What is -1 (base 6) in base 8?
-1
What is 32 (base 11) in base 2?
100011
5 (base 11) to base 8
5
-102000 (base 3) to base 10
-297
-2 (base 6) to base 4
-2
What is 2 (base 9) in base 10?
2
What is 63 (base 11) in base 5?
234
What is -1 (base 4) in base 15?
-1
2 (base 12) to base 13
2
What is -1 (base 10) in base 15?
-1
What is 100101 (base 2) in base 8?
45
Convert 7 (base 16) to base 3.
21
What is -25 (base 14) in base 15?
-23
32 (base 7) to base 14
19
What is -27 (base 11) in base 6?
-45
112 (base 4) to base 5
42
Convert -21 (base 3) to base 12.
-7
What is -1 (base 8) in base 4?
-1
-25 (base 7) to base 6
-31
Convert -2 (base 4) to base 10.
-2
What is 6 (base 14) in base 9?
6
11 (base 3) to base 10
4
110011 (base 2) to base 10
51
44 (base 7) to base 15
22
W